d f?
10
Suppose 5*c + 3*f - 10 = 0, -5*c - 4 - 21 = -4*f. Let i be (2/c)/(2/(-13)). What is the highest common factor of i and 52?
13
Let w be ((-220)/12)/(-5)*(-6)/(-2). Calculate the highest common divisor of w and 55.
11
Let r = -60 + 168. What is the highest common factor of r and 12?
12
Suppose 6*p - q - 97 = p, -12 = -4*q. Calculate the highest common divisor of p and 5.
5
Let s be (-2)/14 - (-120)/105. What is the greatest common factor of s and 7?
1
Let k(r) be the first derivative of -r**4/4 + r**3 + 5*r**2/2 + 5*r - 4. Let t be k(-5). Calculate the highest common divisor of 20 and t.
20
Suppose 4*m - 3*m = 3. Suppose 18 = j - 2*j + 4*o, -j - m = -o. Calculate the highest common factor of 6 and j.
2
Let y(q) = -q**2 - 15*q + 2. Let l be y(-15). Calculate the greatest common divisor of l and 6.
2
Let t be -11 - (0 + 1 + -4). Let n = t - -22. What is the greatest common factor of n and 7?
7
Let d be (-14)/3*(-18)/21. What is the highest common divisor of 4 and d?
4
Let x(v) = v**2 - 4*v + 3. Suppose 5*y - 42 = -17. Let w be x(y). Suppose w*j - 3*j = 35. What is the greatest common divisor of 7 and j?
7
Let p be (4/(-3))/(-2)*2565/18. What is the highest common divisor of 38 and p?
19
Let m(t) = t - 8. Let j be m(11). Let f be (-3 + j - 1) + 49. What is the highest common divisor of f and 32?
16
Let s be 2 + -2 - (-68 + -2). Suppose -s = -d - 7. Let g be 4/(-6) - 29/(-3). Calculate the highest common factor of d and g.
9
Let r = 22 - 2. What is the highest common factor of 160 and r?
20
Let s be 484/16 + 0 + 4/(-16). What is the highest common factor of 45 and s?
15
Let b be -4 - 3*(-14 + 5). Calculate the greatest common divisor of 161 and b.
23
Suppose -78*k + 81*k = 126. Calculate the highest common divisor of 63 and k.
21
Suppose 0 = -6*b + 69 + 327. Suppose -5*f - 30 = -10*f. Calculate the highest common factor of b and f.
6
Suppose -3*u = -1 - 11. Suppose u*k - 407 - 214 = -5*p, -133 = -p - 3*k. Calculate the highest common divisor of 11 and p.
11
Suppose i - 9 = -0*i. Let u be (-4)/6 + 177/i. What is the greatest common divisor of 133 and u?
19
Let i(t) = -t**3 - 5*t**2 - 6*t + 3. Let u be i(-3). Calculate the greatest common factor of u and 12.
3
Suppose -7*v + 816 + 1263 = 0. Calculate the greatest common divisor of v and 33.
33
Let j be (1 - (-1 + -71))*-15. Let v be 8/(-44) - j/33. Calculate the greatest common divisor of v and 22.
11
Let p = -42 - -63. Calculate the greatest common divisor of p and 189.
21
Let i = -125 - -148. Let m(v) = 2*v**2 + 4*v - 7. Let t be m(-5). What is the highest common factor of i and t?
23
Suppose -r + 3*s + 0*s - 4 = 0, 0 = 3*s. Let m be (r + (-18)/(-5))*-80. What is the greatest common divisor of 288 and m?
32
Suppose 17 = -12*q + 101. Calculate the highest common factor of q and 7.
7
Suppose 6*m - 2*m + 19 = 5*p, -4*m + p - 7 = 0. Let r be (-4 - m) + 1*8. Suppose -r*o + 6*o = 9. What is the highest common factor of 63 and o?
9
Let k(v) = -v**2 + 9*v - 16. Let j be k(6). What is the highest common divisor of 8 and j?
2
Suppose 0 = -2*l - 137 + 9. Let f = l - -164. Let p be (-84)/35*(-50)/3. Calculate the greatest common divisor of p and f.
20
Suppose 3*r = 3*k + 2*k - 140, 0 = -2*r - 10. What is the greatest common divisor of 25 and k?
25
Let p = -7 - -5. Let r(a) = -2 - 2 - a + 5. Let q be r(p). Calculate the highest common divisor of 2 and q.
1
Suppose -2*f - 354 = f. Let v = 254 + f. What is the greatest common divisor of v and 17?
17
Let d = 16 + -3. Calculate the greatest common factor of d and 13.
13
Let n be (-12)/(-1)*(0 + 1). Suppose 0 = -4*f + g + 337, 0*f + g = 2*f - 169. What is the greatest common factor of n and f?
12
Suppose 25 - 65 = -8*t. What is the highest common divisor of 40 and t?
5
Suppose -2*o - 3*f = -0*f - 31, -12 = -4*f. Let h = 0 - -2. Suppose 0*v + 5*x = -h*v + 242, 5*v + 3*x = 605. Calculate the greatest common divisor of v and o.
11
Let m be 758/7 + 2/(-7). Let g = -19 + 24. Suppose -2*a = -g*a + 36. What is the highest common factor of m and a?
12
Let q be (9/(-3) - 6)/1. Let i be (-214)/q - 16/(-72). What is the greatest common divisor of 12 and i?
12
Suppose x + 0*t = -3*t + 26, -5*x + 30 = -5*t. Let g = x + 3. What is the greatest common factor of g and 56?
14
Let g be (135/(-12))/(-3)*-4. Let l be 0 + 0 - (g - -3). Calculate the greatest common divisor of l and 96.
12
Suppose 3*i - 12 + 0 = 0. Suppose -2*a = -5*j - 46, 7 + 39 = 3*a + i*j. What is the greatest common factor of 3 and a?
3
Suppose -2*u = -3*v + 3, u + 1 = v - 0*u. Let c be 4 + 1 - (v - 2). Calculate the greatest common factor of 9 and c.
3
Suppose 0*g + 10 = g. Let l be g/35 - (-38)/14. Suppose 0 = l*q + 4*p - 114, -2*q - 21 + 111 = -2*p. What is the highest common factor of q and 14?
14
Suppose 3*g + 5*q = -4, -3*q + 2 = -0*g + 4*g. Let w = 19 + -8. Let r = w - g. What is the highest common divisor of r and 1?
1
Suppose -23*f + 408 = -17*f. Calculate the greatest common factor of f and 34.
34
Let x(g) = 6*g**3 - g**2 + g - 1. Let f be x(1). Let v = 61 - 59. What is the greatest common divisor of v and f?
1
Let c = -5 - -15. Suppose 2*f + k - 237 = -72, 5*f - 3*k - 385 = 0. What is the greatest common divisor of f and c?
10
Let v(n) = -15*n**2 + n - 1. Let j be v(1). Let x be 8/10*(0 - j). Calculate the highest common divisor of 48 and x.
12
Let o = 7 - 4. Suppose 0 = 3*l + 9, 1 = -2*y + o*l + 18. Let r be ((-7)/(-4))/(y/32). What is the highest common divisor of 35 and r?
7
Let o = 15 - 5. Let y be (1*-1)/(3/(-9)). Suppose 3*f - y*i = -0*i + 30, o = 5*i. What is the highest common divisor of 12 and f?
12
Let f = 27 - 15. Suppose -4*l - 3*q = -48, 8 = l + 2*q - 4. What is the highest common divisor of f and l?
12
Let c(x) = x**2 - 3*x - 23. Let h be c(7). Calculate the highest common divisor of h and 35.
5
Suppose 20 = -5*a, -5*a = -w + 129 + 62. Calculate the greatest common factor of w and 19.
19
Let l(x) = -x**3 + 2*x**2 + 8*x + 2. Let m be l(4). Calculate the greatest common divisor of 1 and m.
1
Let p = 272 + -173. Let c = 6 + -8. Let j = 13 + c. Calculate the greatest common factor of p and j.
11
Let h(w) = 6*w**2 - 1. Let c be h(-1). Suppose -7*j + 44 = -c*j. What is the greatest common divisor of j and 33?
11
Let n be 23 + -1 + -2 + 2. Suppose 0 = 3*t - 2*t - 2. Suppose 0 = 4*m - 2*k - 130, 2*k + 29 = m - t*k. What is the highest common factor of m and n?
11
Let d = -134 - -230. Calculate the greatest common factor of 12 and d.
12
Suppose 3*k - 53 = 4*g - 2*g, 4*k + 4*g - 84 = 0. What is the highest common factor of 133 and k?
19
Let z be (-15)/((-9)/3) + -3. What is the highest common factor of z and 3?
1
Let n = 9 + 5. Suppose -3*s + 12 = -y - 2*y, -4*s + 2*y + n = 0. Suppose s*r = -0*r + 2*d + 44, -5*d = r + 8. Calculate the greatest common factor of r and 48.
12
Suppose l - 2*l - 2 = 0. Let m be (l + -1)*8/(-6). Suppose k = 0, -j + 0*k + 8 = k. What is the highest common factor of j and m?
4
Let s = 32 - 24. What is the greatest common divisor of 1 and s?
1
Suppose 226 = -3*y + 64. Let t be 11/9 - (-12)/y. Calculate the greatest common divisor of t and 10.
1
Let i = 13 - 5. Let t be (18/i)/((-6)/(-32)). What is the greatest common factor of t and 36?
12
Let p = 116 - 81. Let v be 7 + (0 + 0 - 0). Calculate the greatest common factor of v and p.
7
Let f be 2/(-4)*(-4 - -2). Calculate the highest common factor of f and 4.
1
Let b(n) = n**3 + 29*n**2 + 30*n + 61. Let m be b(-28). Suppose -2 = -4*t + 54. Let i = -4 + t. What is the greatest common divisor of i and m?
5
Let z be 8 - 1*(-2 - -1). Let w = z - -9. Let t = -173 + 227. What is the greatest common divisor of w and t?
18
Let m = 9 + -7. Suppose c = m*c + 3*j + 6, 3*c - 26 = 2*j. Calculate the highest common factor of 48 and c.
6
Let s be (38/4 - -1)/(3/20). Calculate the greatest common divisor of s and 175.
35
Suppose -60 = -p - 3*p. Let h be (-2)/(-5) + 144/p. Calculate the highest common divisor of 90 and h.
10
Suppose -20 = -3*m - m. Suppose -3*q + q + m*k + 1 = 0, k + 21 = 3*q. Suppose 2*c - q = 18. Calculate the highest common factor of c and 13.
13
Let g be (-77)/(((-15)/6)/5). Calculate the greatest common factor of g and 22.
22
Let k be 1 + 1 - 0 - 4. Let l be 12*2/2 + k. Let f be (-356)/(-14) + (-24)/56. Calculate